{"id":816,"date":"2025-07-02T10:06:45","date_gmt":"2025-07-02T10:06:45","guid":{"rendered":"https:\/\/conpromed.es\/energia\/otc\/?post_type=tribe_events&#038;p=816"},"modified":"2025-07-02T10:08:07","modified_gmt":"2025-07-02T10:08:07","slug":"comunidad-energetica-de-casas-ibanez-encuentro-educativo-por-una-transicion-energetica-justa","status":"publish","type":"tribe_events","link":"https:\/\/conpromed.es\/energia\/otc\/evento\/comunidad-energetica-de-casas-ibanez-encuentro-educativo-por-una-transicion-energetica-justa\/","title":{"rendered":"Comunidad Energ\u00e9tica de Casas Ib\u00e1\u00f1ez- Encuentro Educativo por una Transici\u00f3n Energ\u00e9tica Justa"},"content":{"rendered":"","protected":false},"excerpt":{"rendered":"","protected":false},"author":4,"featured_media":0,"comment_status":"closed","ping_status":"closed","template":"","meta":{"_tribe_events_status":"","_tribe_events_status_reason":"","footnotes":""},"tags":[],"tribe_events_cat":[],"class_list":["post-816","tribe_events","type-tribe_events","status-publish"],"yoast_head":"<!-- This site is optimized with the Yoast SEO plugin v24.8.1 - https:\/\/yoast.com\/wordpress\/plugins\/seo\/ -->\n<title>Comunidad Energ\u00e9tica de Casas Ib\u00e1\u00f1ez- Encuentro Educativo por una Transici\u00f3n Energ\u00e9tica Justa - OTC Albacete<\/title>\n<meta name=\"robots\" content=\"index, follow, max-snippet:-1, max-image-preview:large, max-video-preview:-1\" \/>\n<link rel=\"canonical\" href=\"https:\/\/conpromed.es\/energia\/otc\/evento\/comunidad-energetica-de-casas-ibanez-encuentro-educativo-por-una-transicion-energetica-justa\/\" \/>\n<meta property=\"og:locale\" content=\"es_ES\" \/>\n<meta property=\"og:type\" content=\"article\" \/>\n<meta property=\"og:title\" content=\"Comunidad Energ\u00e9tica de Casas Ib\u00e1\u00f1ez- Encuentro Educativo por una Transici\u00f3n Energ\u00e9tica Justa - OTC Albacete\" \/>\n<meta property=\"og:url\" content=\"https:\/\/conpromed.es\/energia\/otc\/evento\/comunidad-energetica-de-casas-ibanez-encuentro-educativo-por-una-transicion-energetica-justa\/\" \/>\n<meta property=\"og:site_name\" content=\"OTC Albacete\" \/>\n<meta property=\"article:modified_time\" content=\"2025-07-02T10:08:07+00:00\" \/>\n<meta name=\"twitter:card\" content=\"summary_large_image\" \/>\n<script type=\"application\/ld+json\" class=\"yoast-schema-graph\">{\"@context\":\"https:\/\/schema.org\",\"@graph\":[{\"@type\":\"WebPage\",\"@id\":\"https:\/\/conpromed.es\/energia\/otc\/evento\/comunidad-energetica-de-casas-ibanez-encuentro-educativo-por-una-transicion-energetica-justa\/\",\"url\":\"https:\/\/conpromed.es\/energia\/otc\/evento\/comunidad-energetica-de-casas-ibanez-encuentro-educativo-por-una-transicion-energetica-justa\/\",\"name\":\"Comunidad Energ\u00e9tica de Casas Ib\u00e1\u00f1ez- Encuentro Educativo por una Transici\u00f3n Energ\u00e9tica Justa - OTC Albacete\",\"isPartOf\":{\"@id\":\"https:\/\/conpromed.es\/energia\/otc\/#website\"},\"datePublished\":\"2025-07-02T10:06:45+00:00\",\"dateModified\":\"2025-07-02T10:08:07+00:00\",\"breadcrumb\":{\"@id\":\"https:\/\/conpromed.es\/energia\/otc\/evento\/comunidad-energetica-de-casas-ibanez-encuentro-educativo-por-una-transicion-energetica-justa\/#breadcrumb\"},\"inLanguage\":\"es\",\"potentialAction\":[{\"@type\":\"ReadAction\",\"target\":[\"https:\/\/conpromed.es\/energia\/otc\/evento\/comunidad-energetica-de-casas-ibanez-encuentro-educativo-por-una-transicion-energetica-justa\/\"]}]},{\"@type\":\"BreadcrumbList\",\"@id\":\"https:\/\/conpromed.es\/energia\/otc\/evento\/comunidad-energetica-de-casas-ibanez-encuentro-educativo-por-una-transicion-energetica-justa\/#breadcrumb\",\"itemListElement\":[{\"@type\":\"ListItem\",\"position\":1,\"name\":\"Portada\",\"item\":\"https:\/\/conpromed.es\/energia\/otc\/\"},{\"@type\":\"ListItem\",\"position\":2,\"name\":\"Eventos\",\"item\":\"https:\/\/conpromed.es\/energia\/otc\/events\/\"},{\"@type\":\"ListItem\",\"position\":3,\"name\":\"Comunidad Energ\u00e9tica de Casas Ib\u00e1\u00f1ez- Encuentro Educativo por una Transici\u00f3n Energ\u00e9tica Justa\"}]},{\"@type\":\"WebSite\",\"@id\":\"https:\/\/conpromed.es\/energia\/otc\/#website\",\"url\":\"https:\/\/conpromed.es\/energia\/otc\/\",\"name\":\"OTC Albacete\",\"description\":\"Oficina de Transformaci\u00f3n Comunitaria de Albacete\",\"potentialAction\":[{\"@type\":\"SearchAction\",\"target\":{\"@type\":\"EntryPoint\",\"urlTemplate\":\"https:\/\/conpromed.es\/energia\/otc\/?s={search_term_string}\"},\"query-input\":{\"@type\":\"PropertyValueSpecification\",\"valueRequired\":true,\"valueName\":\"search_term_string\"}}],\"inLanguage\":\"es\"}]}<\/script>\n<!-- \/ Yoast SEO plugin. -->","yoast_head_json":{"title":"Comunidad Energ\u00e9tica de Casas Ib\u00e1\u00f1ez- Encuentro Educativo por una Transici\u00f3n Energ\u00e9tica Justa - OTC Albacete","robots":{"index":"index","follow":"follow","max-snippet":"max-snippet:-1","max-image-preview":"max-image-preview:large","max-video-preview":"max-video-preview:-1"},"canonical":"https:\/\/conpromed.es\/energia\/otc\/evento\/comunidad-energetica-de-casas-ibanez-encuentro-educativo-por-una-transicion-energetica-justa\/","og_locale":"es_ES","og_type":"article","og_title":"Comunidad Energ\u00e9tica de Casas Ib\u00e1\u00f1ez- Encuentro Educativo por una Transici\u00f3n Energ\u00e9tica Justa - OTC Albacete","og_url":"https:\/\/conpromed.es\/energia\/otc\/evento\/comunidad-energetica-de-casas-ibanez-encuentro-educativo-por-una-transicion-energetica-justa\/","og_site_name":"OTC Albacete","article_modified_time":"2025-07-02T10:08:07+00:00","twitter_card":"summary_large_image","schema":{"@context":"https:\/\/schema.org","@graph":[{"@type":"WebPage","@id":"https:\/\/conpromed.es\/energia\/otc\/evento\/comunidad-energetica-de-casas-ibanez-encuentro-educativo-por-una-transicion-energetica-justa\/","url":"https:\/\/conpromed.es\/energia\/otc\/evento\/comunidad-energetica-de-casas-ibanez-encuentro-educativo-por-una-transicion-energetica-justa\/","name":"Comunidad Energ\u00e9tica de Casas Ib\u00e1\u00f1ez- Encuentro Educativo por una Transici\u00f3n Energ\u00e9tica Justa - OTC Albacete","isPartOf":{"@id":"https:\/\/conpromed.es\/energia\/otc\/#website"},"datePublished":"2025-07-02T10:06:45+00:00","dateModified":"2025-07-02T10:08:07+00:00","breadcrumb":{"@id":"https:\/\/conpromed.es\/energia\/otc\/evento\/comunidad-energetica-de-casas-ibanez-encuentro-educativo-por-una-transicion-energetica-justa\/#breadcrumb"},"inLanguage":"es","potentialAction":[{"@type":"ReadAction","target":["https:\/\/conpromed.es\/energia\/otc\/evento\/comunidad-energetica-de-casas-ibanez-encuentro-educativo-por-una-transicion-energetica-justa\/"]}]},{"@type":"BreadcrumbList","@id":"https:\/\/conpromed.es\/energia\/otc\/evento\/comunidad-energetica-de-casas-ibanez-encuentro-educativo-por-una-transicion-energetica-justa\/#breadcrumb","itemListElement":[{"@type":"ListItem","position":1,"name":"Portada","item":"https:\/\/conpromed.es\/energia\/otc\/"},{"@type":"ListItem","position":2,"name":"Eventos","item":"https:\/\/conpromed.es\/energia\/otc\/events\/"},{"@type":"ListItem","position":3,"name":"Comunidad Energ\u00e9tica de Casas Ib\u00e1\u00f1ez- Encuentro Educativo por una Transici\u00f3n Energ\u00e9tica Justa"}]},{"@type":"WebSite","@id":"https:\/\/conpromed.es\/energia\/otc\/#website","url":"https:\/\/conpromed.es\/energia\/otc\/","name":"OTC Albacete","description":"Oficina de Transformaci\u00f3n Comunitaria de Albacete","potentialAction":[{"@type":"SearchAction","target":{"@type":"EntryPoint","urlTemplate":"https:\/\/conpromed.es\/energia\/otc\/?s={search_term_string}"},"query-input":{"@type":"PropertyValueSpecification","valueRequired":true,"valueName":"search_term_string"}}],"inLanguage":"es"}]}},"_links":{"self":[{"href":"https:\/\/conpromed.es\/energia\/otc\/wp-json\/wp\/v2\/tribe_events\/816","targetHints":{"allow":["GET"]}}],"collection":[{"href":"https:\/\/conpromed.es\/energia\/otc\/wp-json\/wp\/v2\/tribe_events"}],"about":[{"href":"https:\/\/conpromed.es\/energia\/otc\/wp-json\/wp\/v2\/types\/tribe_events"}],"author":[{"embeddable":true,"href":"https:\/\/conpromed.es\/energia\/otc\/wp-json\/wp\/v2\/users\/4"}],"replies":[{"embeddable":true,"href":"https:\/\/conpromed.es\/energia\/otc\/wp-json\/wp\/v2\/comments?post=816"}],"version-history":[{"count":1,"href":"https:\/\/conpromed.es\/energia\/otc\/wp-json\/wp\/v2\/tribe_events\/816\/revisions"}],"predecessor-version":[{"id":818,"href":"https:\/\/conpromed.es\/energia\/otc\/wp-json\/wp\/v2\/tribe_events\/816\/revisions\/818"}],"wp:attachment":[{"href":"https:\/\/conpromed.es\/energia\/otc\/wp-json\/wp\/v2\/media?parent=816"}],"wp:term":[{"taxonomy":"post_tag","embeddable":true,"href":"https:\/\/conpromed.es\/energia\/otc\/wp-json\/wp\/v2\/tags?post=816"},{"taxonomy":"tribe_events_cat","embeddable":true,"href":"https:\/\/conpromed.es\/energia\/otc\/wp-json\/wp\/v2\/tribe_events_cat?post=816"}],"curies":[{"name":"wp","href":"https:\/\/api.w.org\/{rel}","templated":true}]}}

Comunidad Energética de Casas Ibáñez- Encuentro Educativo por una Transición Energética Justa

<!-- This site is optimized with the Yoast SEO plugin v24.8.1 - https://yoast.com/wordpress/plugins/seo/ -->
<title>Comunidad Energética de Casas Ibáñez- Encuentro Educativo por una Transición Energética Justa - OTC Albacete</title>
<meta name="robots" content="index, follow, max-snippet:-1, max-image-preview:large, max-video-preview:-1" />
<link rel="canonical" href="https://conpromed.es/energia/otc/evento/comunidad-energetica-de-casas-ibanez-encuentro-educativo-por-una-transicion-energetica-justa/" />
<meta property="og:locale" content="es_ES" />
<meta property="og:type" content="article" />
<meta property="og:title" content="Comunidad Energética de Casas Ibáñez- Encuentro Educativo por una Transición Energética Justa - OTC Albacete" />
<meta property="og:url" content="https://conpromed.es/energia/otc/evento/comunidad-energetica-de-casas-ibanez-encuentro-educativo-por-una-transicion-energetica-justa/" />
<meta property="og:site_name" content="OTC Albacete" />
<meta property="article:modified_time" content="2025-07-02T10:08:07+00:00" />
<meta name="twitter:card" content="summary_large_image" />
<script type="application/ld+json" class="yoast-schema-graph">{"@context":"https://schema.org","@graph":[{"@type":"WebPage","@id":"https://conpromed.es/energia/otc/evento/comunidad-energetica-de-casas-ibanez-encuentro-educativo-por-una-transicion-energetica-justa/","url":"https://conpromed.es/energia/otc/evento/comunidad-energetica-de-casas-ibanez-encuentro-educativo-por-una-transicion-energetica-justa/","name":"Comunidad Energética de Casas Ibáñez- Encuentro Educativo por una Transición Energética Justa - OTC Albacete","isPartOf":{"@id":"https://conpromed.es/energia/otc/#website"},"datePublished":"2025-07-02T10:06:45+00:00","dateModified":"2025-07-02T10:08:07+00:00","breadcrumb":{"@id":"https://conpromed.es/energia/otc/evento/comunidad-energetica-de-casas-ibanez-encuentro-educativo-por-una-transicion-energetica-justa/#breadcrumb"},"inLanguage":"es","potentialAction":[{"@type":"ReadAction","target":["https://conpromed.es/energia/otc/evento/comunidad-energetica-de-casas-ibanez-encuentro-educativo-por-una-transicion-energetica-justa/"]}]},{"@type":"BreadcrumbList","@id":"https://conpromed.es/energia/otc/evento/comunidad-energetica-de-casas-ibanez-encuentro-educativo-por-una-transicion-energetica-justa/#breadcrumb","itemListElement":[{"@type":"ListItem","position":1,"name":"Portada","item":"https://conpromed.es/energia/otc/"},{"@type":"ListItem","position":2,"name":"Eventos","item":"https://conpromed.es/energia/otc/events/"},{"@type":"ListItem","position":3,"name":"Comunidad Energética de Casas Ibáñez- Encuentro Educativo por una Transición Energética Justa"}]},{"@type":"WebSite","@id":"https://conpromed.es/energia/otc/#website","url":"https://conpromed.es/energia/otc/","name":"OTC Albacete","description":"Oficina de Transformación Comunitaria de Albacete","potentialAction":[{"@type":"SearchAction","target":{"@type":"EntryPoint","urlTemplate":"https://conpromed.es/energia/otc/?s={search_term_string}"},"query-input":{"@type":"PropertyValueSpecification","valueRequired":true,"valueName":"search_term_string"}}],"inLanguage":"es"}]}</script>
<!-- / Yoast SEO plugin. -->

Comunidad Energética de Casas Ibáñez- Encuentro Educativo por una Transición Energética Justa - OTC Albacete

Oficina de Transformación Comunitaria de Albacete
