{"id":729,"date":"2025-05-22T14:10:27","date_gmt":"2025-05-22T14:10:27","guid":{"rendered":"https:\/\/conpromed.es\/energia\/otc\/?post_type=tribe_events&#038;p=729"},"modified":"2025-05-22T14:10:27","modified_gmt":"2025-05-22T14:10:27","slug":"comunidad-energetica-de-casas-de-ves-taller-practico-entiende-tu-factura-electrica","status":"publish","type":"tribe_events","link":"https:\/\/conpromed.es\/energia\/otc\/evento\/comunidad-energetica-de-casas-de-ves-taller-practico-entiende-tu-factura-electrica\/","title":{"rendered":"Comunidad Energ\u00e9tica de Casas de Ves &#8211; Taller pr\u00e1ctico: Entiende tu factura el\u00e9ctrica"},"content":{"rendered":"<p><img decoding=\"async\" class=\"alignnone wp-image-730 size-large\" src=\"https:\/\/conpromed.es\/energia\/otc\/wp-content\/uploads\/2025\/05\/otc-albacete-taller-practico-casasdeves-819x1024.jpg\" alt=\"\" width=\"819\" height=\"1024\" srcset=\"https:\/\/conpromed.es\/energia\/otc\/wp-content\/uploads\/2025\/05\/otc-albacete-taller-practico-casasdeves-819x1024.jpg 819w, https:\/\/conpromed.es\/energia\/otc\/wp-content\/uploads\/2025\/05\/otc-albacete-taller-practico-casasdeves-240x300.jpg 240w, https:\/\/conpromed.es\/energia\/otc\/wp-content\/uploads\/2025\/05\/otc-albacete-taller-practico-casasdeves-768x960.jpg 768w, https:\/\/conpromed.es\/energia\/otc\/wp-content\/uploads\/2025\/05\/otc-albacete-taller-practico-casasdeves.jpg 1080w\" sizes=\"(max-width: 819px) 100vw, 819px\" \/><\/p>\n","protected":false},"excerpt":{"rendered":"","protected":false},"author":3,"featured_media":0,"comment_status":"closed","ping_status":"closed","template":"","meta":{"_tribe_events_status":"","_tribe_events_status_reason":"","footnotes":""},"tags":[],"tribe_events_cat":[],"class_list":["post-729","tribe_events","type-tribe_events","status-publish"],"yoast_head":"<!-- This site is optimized with the Yoast SEO plugin v24.8.1 - https:\/\/yoast.com\/wordpress\/plugins\/seo\/ -->\n<title>Comunidad Energ\u00e9tica de Casas de Ves - Taller pr\u00e1ctico: Entiende tu factura el\u00e9ctrica - OTC Albacete<\/title>\n<meta name=\"robots\" content=\"index, follow, max-snippet:-1, max-image-preview:large, max-video-preview:-1\" \/>\n<link rel=\"canonical\" href=\"https:\/\/conpromed.es\/energia\/otc\/evento\/comunidad-energetica-de-casas-de-ves-taller-practico-entiende-tu-factura-electrica\/\" \/>\n<meta property=\"og:locale\" content=\"es_ES\" \/>\n<meta property=\"og:type\" content=\"article\" \/>\n<meta property=\"og:title\" content=\"Comunidad Energ\u00e9tica de Casas de Ves - Taller pr\u00e1ctico: Entiende tu factura el\u00e9ctrica - OTC Albacete\" \/>\n<meta property=\"og:url\" content=\"https:\/\/conpromed.es\/energia\/otc\/evento\/comunidad-energetica-de-casas-de-ves-taller-practico-entiende-tu-factura-electrica\/\" \/>\n<meta property=\"og:site_name\" content=\"OTC Albacete\" \/>\n<meta property=\"og:image\" content=\"https:\/\/conpromed.es\/energia\/otc\/wp-content\/uploads\/2025\/05\/otc-albacete-taller-practico-casasdeves.jpg\" \/>\n\t<meta property=\"og:image:width\" content=\"1080\" \/>\n\t<meta property=\"og:image:height\" content=\"1350\" \/>\n\t<meta property=\"og:image:type\" content=\"image\/jpeg\" \/>\n<meta name=\"twitter:card\" content=\"summary_large_image\" \/>\n<meta name=\"twitter:label1\" content=\"Tiempo de lectura\" \/>\n\t<meta name=\"twitter:data1\" content=\"1 minuto\" \/>\n<script type=\"application\/ld+json\" class=\"yoast-schema-graph\">{\"@context\":\"https:\/\/schema.org\",\"@graph\":[{\"@type\":\"WebPage\",\"@id\":\"https:\/\/conpromed.es\/energia\/otc\/evento\/comunidad-energetica-de-casas-de-ves-taller-practico-entiende-tu-factura-electrica\/\",\"url\":\"https:\/\/conpromed.es\/energia\/otc\/evento\/comunidad-energetica-de-casas-de-ves-taller-practico-entiende-tu-factura-electrica\/\",\"name\":\"Comunidad Energ\u00e9tica de Casas de Ves - Taller pr\u00e1ctico: Entiende tu factura el\u00e9ctrica - OTC Albacete\",\"isPartOf\":{\"@id\":\"https:\/\/conpromed.es\/energia\/otc\/#website\"},\"primaryImageOfPage\":{\"@id\":\"https:\/\/conpromed.es\/energia\/otc\/evento\/comunidad-energetica-de-casas-de-ves-taller-practico-entiende-tu-factura-electrica\/#primaryimage\"},\"image\":{\"@id\":\"https:\/\/conpromed.es\/energia\/otc\/evento\/comunidad-energetica-de-casas-de-ves-taller-practico-entiende-tu-factura-electrica\/#primaryimage\"},\"thumbnailUrl\":\"https:\/\/conpromed.es\/energia\/otc\/wp-content\/uploads\/2025\/05\/otc-albacete-taller-practico-casasdeves-819x1024.jpg\",\"datePublished\":\"2025-05-22T14:10:27+00:00\",\"breadcrumb\":{\"@id\":\"https:\/\/conpromed.es\/energia\/otc\/evento\/comunidad-energetica-de-casas-de-ves-taller-practico-entiende-tu-factura-electrica\/#breadcrumb\"},\"inLanguage\":\"es\",\"potentialAction\":[{\"@type\":\"ReadAction\",\"target\":[\"https:\/\/conpromed.es\/energia\/otc\/evento\/comunidad-energetica-de-casas-de-ves-taller-practico-entiende-tu-factura-electrica\/\"]}]},{\"@type\":\"ImageObject\",\"inLanguage\":\"es\",\"@id\":\"https:\/\/conpromed.es\/energia\/otc\/evento\/comunidad-energetica-de-casas-de-ves-taller-practico-entiende-tu-factura-electrica\/#primaryimage\",\"url\":\"https:\/\/conpromed.es\/energia\/otc\/wp-content\/uploads\/2025\/05\/otc-albacete-taller-practico-casasdeves.jpg\",\"contentUrl\":\"https:\/\/conpromed.es\/energia\/otc\/wp-content\/uploads\/2025\/05\/otc-albacete-taller-practico-casasdeves.jpg\",\"width\":1080,\"height\":1350},{\"@type\":\"BreadcrumbList\",\"@id\":\"https:\/\/conpromed.es\/energia\/otc\/evento\/comunidad-energetica-de-casas-de-ves-taller-practico-entiende-tu-factura-electrica\/#breadcrumb\",\"itemListElement\":[{\"@type\":\"ListItem\",\"position\":1,\"name\":\"Portada\",\"item\":\"https:\/\/conpromed.es\/energia\/otc\/\"},{\"@type\":\"ListItem\",\"position\":2,\"name\":\"Eventos\",\"item\":\"https:\/\/conpromed.es\/energia\/otc\/events\/\"},{\"@type\":\"ListItem\",\"position\":3,\"name\":\"Comunidad Energ\u00e9tica de Casas de Ves &#8211; Taller pr\u00e1ctico: Entiende tu factura el\u00e9ctrica\"}]},{\"@type\":\"WebSite\",\"@id\":\"https:\/\/conpromed.es\/energia\/otc\/#website\",\"url\":\"https:\/\/conpromed.es\/energia\/otc\/\",\"name\":\"OTC Albacete\",\"description\":\"Oficina de Transformaci\u00f3n Comunitaria de Albacete\",\"potentialAction\":[{\"@type\":\"SearchAction\",\"target\":{\"@type\":\"EntryPoint\",\"urlTemplate\":\"https:\/\/conpromed.es\/energia\/otc\/?s={search_term_string}\"},\"query-input\":{\"@type\":\"PropertyValueSpecification\",\"valueRequired\":true,\"valueName\":\"search_term_string\"}}],\"inLanguage\":\"es\"}]}<\/script>\n<!-- \/ Yoast SEO plugin. -->","yoast_head_json":{"title":"Comunidad Energ\u00e9tica de Casas de Ves - Taller pr\u00e1ctico: Entiende tu factura el\u00e9ctrica - OTC Albacete","robots":{"index":"index","follow":"follow","max-snippet":"max-snippet:-1","max-image-preview":"max-image-preview:large","max-video-preview":"max-video-preview:-1"},"canonical":"https:\/\/conpromed.es\/energia\/otc\/evento\/comunidad-energetica-de-casas-de-ves-taller-practico-entiende-tu-factura-electrica\/","og_locale":"es_ES","og_type":"article","og_title":"Comunidad Energ\u00e9tica de Casas de Ves - Taller pr\u00e1ctico: Entiende tu factura el\u00e9ctrica - OTC Albacete","og_url":"https:\/\/conpromed.es\/energia\/otc\/evento\/comunidad-energetica-de-casas-de-ves-taller-practico-entiende-tu-factura-electrica\/","og_site_name":"OTC Albacete","og_image":[{"width":1080,"height":1350,"url":"https:\/\/conpromed.es\/energia\/otc\/wp-content\/uploads\/2025\/05\/otc-albacete-taller-practico-casasdeves.jpg","type":"image\/jpeg"}],"twitter_card":"summary_large_image","twitter_misc":{"Tiempo de lectura":"1 minuto"},"schema":{"@context":"https:\/\/schema.org","@graph":[{"@type":"WebPage","@id":"https:\/\/conpromed.es\/energia\/otc\/evento\/comunidad-energetica-de-casas-de-ves-taller-practico-entiende-tu-factura-electrica\/","url":"https:\/\/conpromed.es\/energia\/otc\/evento\/comunidad-energetica-de-casas-de-ves-taller-practico-entiende-tu-factura-electrica\/","name":"Comunidad Energ\u00e9tica de Casas de Ves - Taller pr\u00e1ctico: Entiende tu factura el\u00e9ctrica - OTC Albacete","isPartOf":{"@id":"https:\/\/conpromed.es\/energia\/otc\/#website"},"primaryImageOfPage":{"@id":"https:\/\/conpromed.es\/energia\/otc\/evento\/comunidad-energetica-de-casas-de-ves-taller-practico-entiende-tu-factura-electrica\/#primaryimage"},"image":{"@id":"https:\/\/conpromed.es\/energia\/otc\/evento\/comunidad-energetica-de-casas-de-ves-taller-practico-entiende-tu-factura-electrica\/#primaryimage"},"thumbnailUrl":"https:\/\/conpromed.es\/energia\/otc\/wp-content\/uploads\/2025\/05\/otc-albacete-taller-practico-casasdeves-819x1024.jpg","datePublished":"2025-05-22T14:10:27+00:00","breadcrumb":{"@id":"https:\/\/conpromed.es\/energia\/otc\/evento\/comunidad-energetica-de-casas-de-ves-taller-practico-entiende-tu-factura-electrica\/#breadcrumb"},"inLanguage":"es","potentialAction":[{"@type":"ReadAction","target":["https:\/\/conpromed.es\/energia\/otc\/evento\/comunidad-energetica-de-casas-de-ves-taller-practico-entiende-tu-factura-electrica\/"]}]},{"@type":"ImageObject","inLanguage":"es","@id":"https:\/\/conpromed.es\/energia\/otc\/evento\/comunidad-energetica-de-casas-de-ves-taller-practico-entiende-tu-factura-electrica\/#primaryimage","url":"https:\/\/conpromed.es\/energia\/otc\/wp-content\/uploads\/2025\/05\/otc-albacete-taller-practico-casasdeves.jpg","contentUrl":"https:\/\/conpromed.es\/energia\/otc\/wp-content\/uploads\/2025\/05\/otc-albacete-taller-practico-casasdeves.jpg","width":1080,"height":1350},{"@type":"BreadcrumbList","@id":"https:\/\/conpromed.es\/energia\/otc\/evento\/comunidad-energetica-de-casas-de-ves-taller-practico-entiende-tu-factura-electrica\/#breadcrumb","itemListElement":[{"@type":"ListItem","position":1,"name":"Portada","item":"https:\/\/conpromed.es\/energia\/otc\/"},{"@type":"ListItem","position":2,"name":"Eventos","item":"https:\/\/conpromed.es\/energia\/otc\/events\/"},{"@type":"ListItem","position":3,"name":"Comunidad Energ\u00e9tica de Casas de Ves &#8211; Taller pr\u00e1ctico: Entiende tu factura el\u00e9ctrica"}]},{"@type":"WebSite","@id":"https:\/\/conpromed.es\/energia\/otc\/#website","url":"https:\/\/conpromed.es\/energia\/otc\/","name":"OTC Albacete","description":"Oficina de Transformaci\u00f3n Comunitaria de Albacete","potentialAction":[{"@type":"SearchAction","target":{"@type":"EntryPoint","urlTemplate":"https:\/\/conpromed.es\/energia\/otc\/?s={search_term_string}"},"query-input":{"@type":"PropertyValueSpecification","valueRequired":true,"valueName":"search_term_string"}}],"inLanguage":"es"}]}},"_links":{"self":[{"href":"https:\/\/conpromed.es\/energia\/otc\/wp-json\/wp\/v2\/tribe_events\/729","targetHints":{"allow":["GET"]}}],"collection":[{"href":"https:\/\/conpromed.es\/energia\/otc\/wp-json\/wp\/v2\/tribe_events"}],"about":[{"href":"https:\/\/conpromed.es\/energia\/otc\/wp-json\/wp\/v2\/types\/tribe_events"}],"author":[{"embeddable":true,"href":"https:\/\/conpromed.es\/energia\/otc\/wp-json\/wp\/v2\/users\/3"}],"replies":[{"embeddable":true,"href":"https:\/\/conpromed.es\/energia\/otc\/wp-json\/wp\/v2\/comments?post=729"}],"version-history":[{"count":1,"href":"https:\/\/conpromed.es\/energia\/otc\/wp-json\/wp\/v2\/tribe_events\/729\/revisions"}],"predecessor-version":[{"id":731,"href":"https:\/\/conpromed.es\/energia\/otc\/wp-json\/wp\/v2\/tribe_events\/729\/revisions\/731"}],"wp:attachment":[{"href":"https:\/\/conpromed.es\/energia\/otc\/wp-json\/wp\/v2\/media?parent=729"}],"wp:term":[{"taxonomy":"post_tag","embeddable":true,"href":"https:\/\/conpromed.es\/energia\/otc\/wp-json\/wp\/v2\/tags?post=729"},{"taxonomy":"tribe_events_cat","embeddable":true,"href":"https:\/\/conpromed.es\/energia\/otc\/wp-json\/wp\/v2\/tribe_events_cat?post=729"}],"curies":[{"name":"wp","href":"https:\/\/api.w.org\/{rel}","templated":true}]}}

Comunidad Energética de Casas de Ves &#8211; Taller práctico: Entiende tu factura eléctrica

<!-- This site is optimized with the Yoast SEO plugin v24.8.1 - https://yoast.com/wordpress/plugins/seo/ -->
<title>Comunidad Energética de Casas de Ves - Taller práctico: Entiende tu factura eléctrica - OTC Albacete</title>
<meta name="robots" content="index, follow, max-snippet:-1, max-image-preview:large, max-video-preview:-1" />
<link rel="canonical" href="https://conpromed.es/energia/otc/evento/comunidad-energetica-de-casas-de-ves-taller-practico-entiende-tu-factura-electrica/" />
<meta property="og:locale" content="es_ES" />
<meta property="og:type" content="article" />
<meta property="og:title" content="Comunidad Energética de Casas de Ves - Taller práctico: Entiende tu factura eléctrica - OTC Albacete" />
<meta property="og:url" content="https://conpromed.es/energia/otc/evento/comunidad-energetica-de-casas-de-ves-taller-practico-entiende-tu-factura-electrica/" />
<meta property="og:site_name" content="OTC Albacete" />
<meta property="og:image" content="https://conpromed.es/energia/otc/wp-content/uploads/2025/05/otc-albacete-taller-practico-casasdeves.jpg" />
	<meta property="og:image:width" content="1080" />
	<meta property="og:image:height" content="1350" />
	<meta property="og:image:type" content="image/jpeg" />
<meta name="twitter:card" content="summary_large_image" />
<meta name="twitter:label1" content="Tiempo de lectura" />
	<meta name="twitter:data1" content="1 minuto" />
<script type="application/ld+json" class="yoast-schema-graph">{"@context":"https://schema.org","@graph":[{"@type":"WebPage","@id":"https://conpromed.es/energia/otc/evento/comunidad-energetica-de-casas-de-ves-taller-practico-entiende-tu-factura-electrica/","url":"https://conpromed.es/energia/otc/evento/comunidad-energetica-de-casas-de-ves-taller-practico-entiende-tu-factura-electrica/","name":"Comunidad Energética de Casas de Ves - Taller práctico: Entiende tu factura eléctrica - OTC Albacete","isPartOf":{"@id":"https://conpromed.es/energia/otc/#website"},"primaryImageOfPage":{"@id":"https://conpromed.es/energia/otc/evento/comunidad-energetica-de-casas-de-ves-taller-practico-entiende-tu-factura-electrica/#primaryimage"},"image":{"@id":"https://conpromed.es/energia/otc/evento/comunidad-energetica-de-casas-de-ves-taller-practico-entiende-tu-factura-electrica/#primaryimage"},"thumbnailUrl":"https://conpromed.es/energia/otc/wp-content/uploads/2025/05/otc-albacete-taller-practico-casasdeves-819x1024.jpg","datePublished":"2025-05-22T14:10:27+00:00","breadcrumb":{"@id":"https://conpromed.es/energia/otc/evento/comunidad-energetica-de-casas-de-ves-taller-practico-entiende-tu-factura-electrica/#breadcrumb"},"inLanguage":"es","potentialAction":[{"@type":"ReadAction","target":["https://conpromed.es/energia/otc/evento/comunidad-energetica-de-casas-de-ves-taller-practico-entiende-tu-factura-electrica/"]}]},{"@type":"ImageObject","inLanguage":"es","@id":"https://conpromed.es/energia/otc/evento/comunidad-energetica-de-casas-de-ves-taller-practico-entiende-tu-factura-electrica/#primaryimage","url":"https://conpromed.es/energia/otc/wp-content/uploads/2025/05/otc-albacete-taller-practico-casasdeves.jpg","contentUrl":"https://conpromed.es/energia/otc/wp-content/uploads/2025/05/otc-albacete-taller-practico-casasdeves.jpg","width":1080,"height":1350},{"@type":"BreadcrumbList","@id":"https://conpromed.es/energia/otc/evento/comunidad-energetica-de-casas-de-ves-taller-practico-entiende-tu-factura-electrica/#breadcrumb","itemListElement":[{"@type":"ListItem","position":1,"name":"Portada","item":"https://conpromed.es/energia/otc/"},{"@type":"ListItem","position":2,"name":"Eventos","item":"https://conpromed.es/energia/otc/events/"},{"@type":"ListItem","position":3,"name":"Comunidad Energética de Casas de Ves &#8211; Taller práctico: Entiende tu factura eléctrica"}]},{"@type":"WebSite","@id":"https://conpromed.es/energia/otc/#website","url":"https://conpromed.es/energia/otc/","name":"OTC Albacete","description":"Oficina de Transformación Comunitaria de Albacete","potentialAction":[{"@type":"SearchAction","target":{"@type":"EntryPoint","urlTemplate":"https://conpromed.es/energia/otc/?s={search_term_string}"},"query-input":{"@type":"PropertyValueSpecification","valueRequired":true,"valueName":"search_term_string"}}],"inLanguage":"es"}]}</script>
<!-- / Yoast SEO plugin. -->

Comunidad Energética de Casas de Ves - Taller práctico: Entiende tu factura eléctrica - OTC Albacete

Oficina de Transformación Comunitaria de Albacete
